rue
Is 406612790 a multiple of 2737?
False
Is 2087 a factor of 1457180?
False
Is 242738080 a multiple of 47?
True
Is 1043 a factor of 51992507?
True
Does 2 divide 31086627?
False
Does 19 divide 1759633068?
False
Is 268 a factor of 9072068?
True
Is 464 a factor of 19554352?
True
Does 572 divide 121727892?
True
Does 2139 divide 260787782?
False
Is 1604 a factor of 54551986?
False
Is 50 a factor of 69933050?
True
Does 5253 divide 309433218?
True
Is 3863600864 a multiple of 2407?
True
Is 804324729 a multiple of 52?
False
Is 1134 a factor of 321628028?
False
Is 249079485 a multiple of 20?
False
Does 247 divide 420910979?
False
Is 308709800 a multiple of 68?
True
Does 1533 divide 588282482?
False
Does 419 divide 189606056?
False
Is 105716505 a multiple of 76?
False
Is 149345528 a multiple of 7492?
True
Is 177 a factor of 10273563?
False
Is 1698 a factor of 170870933?
False
Does 14 divide 60871426?
True
Is 115 a factor of 147210687?
False
Is 58264953 a multiple of 29?
False
Does 3088 divide 653438888?
False
Is 604935086 a multiple of 1570?
False
Does 751 divide 451678645?
False
Is 428749010 a multiple of 85?
True
Is 404 a factor of 14663584?
True
Is 594096624 a multiple of 36?
True
Does 13790 divide 1768895716?
False
Is 19813194 a multiple of 678?
True
Is 22298025 a multiple of 2412?
False
Is 91072344 a multiple of 1331?
True
Is 3460204 a multiple of 44?
True
Is 9 a factor of 5415903?
True
Is 76545976 a multiple of 1289?
True
Is 37045603 a multiple of 487?
True
Is 945 a factor of 3282585075?
True
Is 10 a factor of 14139585?
False
Is 78268400 a multiple of 80?
True
Is 87 a factor of 35326785?
True
Is 101 a factor of 3488035?
True
Does 24 divide 74691456?
True
Is 372 a factor of 1086127746?
False
Does 11 divide 41656802?
True
Is 131 a factor of 370148569?
False
Is 10093 a factor of 1691576707?
True
Is 18205489 a multiple of 23?
True
Is 117050742 a multiple of 201?
True
Does 24 divide 1012181?
False
Is 28924051 a multiple of 13?
True
Is 17697909 a multiple of 537?
True
Is 6047 a factor of 1774327121?
False
Is 111 a factor of 3319350771?
True
Does 34 divide 33462490?
False
Is 28278208 a multiple of 309?
False
Does 119 divide 879139037?
True
Is 898 a factor of 3791890310?
True
Does 643 divide 505885208?
False
Does 169 divide 134296115?
False
Is 2064578294 a multiple of 739?
True
Is 1131316796 a multiple of 5400?
False
Is 107 a factor of 51489200?
False
Is 3248 a factor of 155238160?
True
Is 622782172 a multiple of 1264?
False
Is 146069924 a multiple of 2002?
True
Is 203214839 a multiple of 18?
False
Does 50 divide 84366552?
False
Is 2497 a factor of 119908437?
True
Is 1229 a factor of 2489431675?
True
Is 725815339 a multiple of 66?
False
Does 227 divide 139119901?
True
Is 63 a factor of 283017735?
True
Is 22 a factor of 361725254?
True
Is 178 a factor of 3027648636?
True
Does 3 divide 7498544?
False
Does 71 divide 12874028?
False
Is 5626384823 a multiple of 11?
False
Does 5 divide 31340206?
False
Does 1221 divide 9691077?
True
Is 16242171 a multiple of 2?
False
Is 151046184 a multiple of 17?
False
Is 369644 even?
True
Does 57 divide 1540722141?
True
Is 16 a factor of 9360960?
True
Does 27 divide 480922434?
True
Does 345 divide 6128922240?
True
Is 69 a factor of 378261110?
False
Is 39653797 a multiple of 35?
False
Is 2201130884 a multiple of 180?
False
Does 501 divide 579365795?
False
Is 8781224 a multiple of 6?
False
Does 498 divide 1709335200?
True
Is 41 a factor of 121295804?
False
Is 908915632 a multiple of 7288?
True
Is 61984252 a multiple of 319?
True
Is 376185940 a multiple of 260?
True
Does 1561 divide 64777151?
False
Is 742337115 a multiple of 132?
False
Is 430 a factor of 216299030?
True
Is 45668055 a multiple of 131?
False
Is 10 a factor of 724528295?
False
Does 4 divide 658265?
False
Is 9139030 a multiple of 5?
True
Is 586067823 a multiple of 11?
True
Is 31 a factor of 389075234?
True
Is 1185863976 a multiple of 54?
True
Is 9 a factor of 48047006?
False
Does 130 divide 162319690?
True
Is 36 a factor of 1519001196?
False
Does 10 divide 489513156?
False
Is 838578000 a multiple of 300?
True
Does 22 divide 111421200?
True
Does 423 divide 57602843?
False
Does 3367 divide 931261142?
False
Is 9 a factor of 232983?
True
Does 8 divide 324416303?
False
Does 971 divide 123060656?
True
Is 53888492 a multiple of 4?
True
Is 233 a factor of 132838520?
False
Does 62 divide 92363012?
True
Is 39244450 a multiple of 310?
True
Is 3 a factor of 4668039?
True
Is 3056 a factor of 33052574?
False
Is 32 a factor of 1061953083?
False
Does 4 divide 1867212?
True
Is 2 a factor of 506218101?
False
Is 4166536 a multiple of 11?
True
Is 123 a factor of 7134200?
False
Is 90 a factor of 1485077277?
False
Is 71 a factor of 93091724?
False
Does 334 divide 137821368?
False
Is 57 a factor of 56465283?
True
Does 170 divide 94478786?
False
Is 220495926 a multiple of 2113?
False
Does 22 divide 102471908?
True
Is 153687425 even?
False
Does 74 divide 148887778?
True
Is 114 a factor of 28158560?
False
Is 28972896 a multiple of 136?
True
Does 172 divide 432713128?
True
Is 162 a factor of 471258972?
True
Does 84 divide 201332698?
False
Is 802 a factor of 62357410?
False
Does 2 divide 22189415?
False
Does 133 divide 48052900?
True
Is 131072418 a multiple of 54?
True
Is 1147448395 a multiple of 474?
False
Is 16 a factor of 200053?
False
Does 632 divide 501396649?
False
Is 78770480 a multiple of 62?
False
Is 29597160 a multiple of 40?
True
Is 56984067 a multiple of 27?
True
Is 11232824 a multiple of 4?
True
Does 7 divide 229753868?
False
Is 376718513 a multiple of 5?
False
Does 878 divide 64774450?
True
Does 84 divide 46262001?
False
Is 111929537 a multiple of 104?
False
Is 400996393 a multiple of 2429?
False
Does 403 divide 616742?
False
Is 16 a factor of 1168596085?
False
Is 18290516 a multiple of 474?
False
Is 95364414 a multiple of 28?
False
Does 1481 divide 52957355?
False
Is 28 a factor of 128970484?
False
Is 29 a factor of 263948604?
True
Is 982676012 a multiple of 23?
True
Is 46487352 a multiple of 8?
True
Is 128537368 a multiple of 739?
False
Is 1692988104 a multiple of 61?
False
Does 3 divide 5678601?
True
Is 17845120 a multiple of 320?
True
Is 158675212 a multiple of 7?
False
Is 13621144 a multiple of 3?
False
Is 552984810 a multiple of 15?
True
Is 77 a factor of 7076069?
True
Is 22910125 a multiple of 32?
False
Is 1020 a factor of 378947340?
True
Is 124224968 a multiple of 586?
True
Is 1594 a factor of 20451174?
False
Is 4996630 a multiple of 15?
False
Is 38806580 a multiple of 16?
False
Does 117 divide 1063660455?
True
Is 160566662 a multiple of 457?
False
Does 7 divide 976998324?
False
Is 240425 a multiple of 163?
True
Is 33658040 a multiple of 4?
True
Is 55122894 a multiple of 823?
True
Is 42822754 a multiple of 524?
False
Does 2225 divide 61245349?
False
Does 16 divide 3023044?
False
Is 29212496 a multiple of 8?
True
Does 14 divide 27236314?
True
Is 57 a factor of 98639980?
False
Is 1058707991 a multiple of 157?
True
Is 867405085 a multiple of 210?
False
Does 1023 divide 352481811?
True
Is 76063984 a multiple of 986?
True
Does 3166 divide 188172997?
False
Is 276843191 a multiple of 3459?
False
Is 1485570100 a multiple of 35?
True
Does 155 divide 18112680?
True
Is 2499 a factor of 158636520?
True
Does 886 divide 657293276?
True
Is 10919140 a multiple of 28?
False
Is 420 a factor of 31204740?
True
Is 2304430320 a multiple of 10?
True
Is 740 a factor of 8086720?
True
Is 3225096071 a multiple of 1052?
False
Is 2460158995 a multiple of 52?
False
Is 40657148 a multiple of 1075?
False
Is 4226 a factor of 1393539889?
False
Is 245 a factor of 129508225?
True
Is 435 a factor of 2275581?
False
Is 302161318 a multiple of 167?
False
Is 91 a factor of 127888477?
False
Does 647 divide 35670500?
False
Is 777135921 a multiple of 52?
False
Is 7545191 a multiple of 587?
False
Is 79394190 a multiple of 526?
False
Is 578 a factor of 2637712248?
True
Is 6267318 a multiple of 2?
True
Is 462072331 a multiple of 45?
False
Does 13 divide 82015852?
False
Is 6408829310 a multiple of 26?
True
Does 13 divide 2872423775?
True
Is 807 a factor of 2549108446?
False
Does 9 divide 259869006?
True
Is 139223752 a multiple of 9?
False
Is 1002970 a multiple of 353?
False
Does 957 divide 52909782?
False
Does 8 d